 60, 0 = -3*c - 3*l + 174. Suppose -3*w + 33 = -24. What is the remainder when c is divided by w?
18
Suppose 2 - 15 = -m. Let f = m + 4. Let v = -33 - -65. Calculate the remainder when v is divided by f.
15
Suppose 5*u - 134 = 3*u. What is the remainder when u is divided by 7?
4
Let g(x) be the second derivative of x**4/12 - 2*x**3/3 + x**2 + x. Calculate the remainder when 18 is divided by g(5).
4
What is the remainder when 71 is divided by (3/(-15)*27)/((-2)/10)?
17
Let t(c) = -c**3 + 2*c + 3. Let z(f) = -3*f + 4. Let a be z(9). Let x = a - -42. Calculate the remainder when x is divided by t(-2).
5
Let n = -11 + 6. Let a(b) = b**3 + 6*b**2 + 3*b + 4. Calculate the remainder when 53 is divided by a(n).
11
Let f(b) = 5*b + 3. What is the remainder when f(5) is divided by 15?
13
Let b be (-13)/(-4)*(2 - -2). Let r = -9 + b. Suppose 49 = -r*q + 201. Calculate the remainder when q is divided by 13.
12
Let n(a) = a**3 + 5*a**2 - 14*a + 10. What is the remainder when 29 is divided by n(-7)?
9
Let z(q) = q**2 - q - 14. What is the remainder when 166 is divided by z(-6)?
26
Let k be -4*(3/3)/(-1). Suppose -k*q + 230 = 10. Let s(o) = 13*o**3 + o. What is the remainder when q is divided by s(1)?
13
Suppose 2*w - 5*a - 68 = -w, -3*w = a - 98. Let d be ((-30)/(-45))/((-2)/(-21)). Suppose d + 48 = 5*q. Calculate the remainder when w is divided by q.
9
Let s(l) = l**2 - 3*l + 3. Let q be s(3). Let d = q + -5. Calculate the remainder when 1 - 1 - 16/d is divided by 3.
2
Let l = 17 - -3. Calculate the remainder when 39 is divided by l.
19
Let l(k) be the second derivative of -5*k**3/6 - k**2 + 2*k. Calculate the remainder when l(-5) is divided by 8.
7
Let d be -3 + (-11)/(11/(-6)). Suppose -d*z + 66 = 3*i - 7*z, -i - 4*z = -38. Calculate the remainder when i is divided by 14.
12
Suppose -2*k + 27 = 9. Suppose 10 = 2*t - t. Calculate the remainder when 254/10 - (-6)/t is divided by k.
8
Let d be (-6)/8 - 135/(-20). Let q = 17 - d. Calculate the remainder when 54 is divided by q.
10
Suppose -5*o - y = -86, -3*o + 2*y = 3*y - 52. Let q = o + 27. Calculate the remainder when q is divided by 15.
14
Let v = -30 - -79. What is the remainder when v is divided by 17?
15
Suppose -5*z - 5*c - 7 = -27, -c = 3*z - 4. Suppose -y + 3*o - o = z, -y - 2*o - 4 = 0. What is the remainder when (1 - -26)*y/(-2) is divided by 10?
7
Let x(b) = -b**3 - 24*b**2 - b - 5. What is the remainder when 55 is divided by x(-24)?
17
Let s = 66 + -29. What is the remainder when s is divided by 18?
1
Let j = 16 - -37. Calculate the remainder when j is divided by 18.
17
Suppose -2*v - 3 = -19. Suppose 2*o + 5*w - v = 0, -17 = -3*o + w - 6*w. Suppose 10 - 30 = -5*g. What is the remainder when o is divided by g?
1
Suppose -69 = -5*q + 2*h, 3*q + 5*h - 47 = 13. What is the remainder when q is divided by 9?
6
Let v(r) = -r**3 + 8*r**2 - 5*r - 15. Let z be v(8). Let l = z - -94. Let p = 11 - -3. What is the remainder when l is divided by p?
11
Suppose 0*w - 10 = -2*w. Let m = 9 + w. Calculate the remainder when 26 is divided by m.
12
Let x = 46 + -22. Calculate the remainder when x is divided by 14.
10
Let t(d) = -d + 19. What is the remainder when 14 is divided by t(13)?
2
Let j(g) = 3*g - 3. Let c be j(3). Let q(d) = -d**3 + 6*d**2 + 7. Let m be q(c). Let x = m + -3. What is the remainder when 10 is divided by x?
2
Let l(s) = -s**3 + 6*s**2 - 4*s - 2. Calculate the remainder when 23 is divided by l(5).
2
Let g(y) = 2*y**3 - 3*y**2 - 1. What is the remainder when g(3) is divided by 10?
6
Let l(a) = 3*a**2 - 7*a - 1. Let i(o) = -2*o**2 + 6*o + 1. Let c(s) = 5*i(s) + 4*l(s). Let r = 26 - 13. Calculate the remainder when c(3) is divided by r.
12
Suppose -5*z = -4*w - 134 - 113, -3*w = -6. What is the remainder when z is divided by 13?
12
Let r = -4 + 18. Suppose -r = o - 2*o. Let f = 26 + 0. What is the remainder when f is divided by o?
12
Let t = 6 + 9. Suppose 0 = f - 5*v - 14 - t, 0 = -f - v - 1. Calculate the remainder when f is divided by 2.
0
Suppose -102 = -6*t - 42. Let m(r) = r**3 - 4*r**2 + 4*r + 1. Calculate the remainder when t is divided by m(3).
2
Let h = 22 + 10. Suppose 2*g + 3*g = -4*l + h, -g - 5*l = -19. Calculate the remainder when 9 is divided by g.
1
Suppose 0 = -2*m + 86 - 2. Suppose n = -2*n + m. Calculate the remainder when 26 is divided by n.
12
Suppose -w - 14 = -2*w. What is the remainder when 96 is divided by w?
12
Let x = -111 + 248. Suppose -h = -4*j - 69, 2*h - 5*h - 2*j = -x. Suppose -2 - h = -3*o. What is the remainder when o is divided by 6?
5
Let i(v) = v + 2. Suppose 5*y = y + 28. Calculate the remainder when ((-5)/(-4))/((-7)/(-140)) is divided by i(y).
7
Let b = 333 + -153. Calculate the remainder when b is divided by 62.
56
Suppose 4*b + b + 10 = 0. What is the remainder when 54 is divided by -1*(-14 + (b - -5))?
10
Suppose -3*q + v = 36, 0 = 5*q + 5*v + 25 + 15. What is the remainder when 86 is divided by (-3)/((-12)/(-8))*q?
20
Calculate the remainder when 2 is divided by 3/7 - 33/(-21).
0
Suppose i = 2*x - 1 - 2, -3 = -x. Let u be (7 + 3)/(-1 - -2). Calculate the remainder when 66/u - 6/(-15) is divided by i.
1
Let u = -2 + 18. Calculate the remainder when 63 is divided by u.
15
Let g = 21 + -19. Calculate the remainder when 6 is divided by g.
0
Let o(y) = y**2 + 10*y + 7. What is the remainder when o(-12) is divided by 8?
7
Suppose 455 = 5*z + 170. What is the remainder when z is divided by 15?
12
Let l = -31 + 45. Let s = 0 + l. Calculate the remainder when 0 + 2 - (-1 - 24) is divided by s.
13
Let a = -2 + 4. What is the remainder when 14 is divided by 7 + (-1)/(a/4)?
4
Suppose 4*n + 3*p - 7*p = 36, -5*n + 4*p + 45 = 0. Calculate the remainder when n is divided by 4.
1
Let r = -13 - -24. Suppose h + 6 = -0*h. Let v(l) = l**2 + 2*l - 3. What is the remainder when v(h) is divided by r?
10
Let f = 119 + -80. What is the remainder when f is divided by 8?
7
Let n(u) = -2*u**3 - 6*u**2 - 4*u + 2. Calculate the remainder when 20 is divided by n(-3).
6
Suppose -i - 2*i = -r - 385, -3*r = -2*i + 252. What is the remainder when i is divided by 19?
15
Let k = 11 - 4. Let g(t) = 13*t - 4. Let j be g(k). Let p = -50 + j. Calculate the remainder when p is divided by 19.
18
Let u be 2 + 0/(4*-1). Let a be (-1 - 0) + -2 + 3. Suppose u*s - 38 = 5*t, a*s = 5*s + t - 95. What is the remainder when 36 is divided by s?
17
Let y be -2 + -2*(-4)/(-1). Calculate the remainder when 3/15 + (-198)/y is divided by 7.
6
Let o(i) = i - 8. Let h be o(0). Let q(x) = -x**3 - 7*x**2 + 4*x - 3. Calculate the remainder when 57 is divided by q(h).
28
Suppose 4*q - 8 = w, -4*q + 0*q = 3*w + 8. Let n = q - -4. What is the remainder when 3/(1 - 10/16) is divided by n?
3
Let u(q) = -2*q - 6 + 3*q + q**2 + 2*q. Calculate the remainder when u(5) is divided by 9.
7
Let b(t) = -t**3 + 2*t + 3. Suppose -3*a = a + 8. Let i(k) = k**2 - 2*k - 3. Calculate the remainder when i(-3) is divided by b(a).
5
Let k(t) = -2*t**3 + 2*t**2. Calculate the remainder when 66 is divided by k(-2).
18
Let s(o) = -o + 13. Let m be s(9). Suppose 52 = m*a - 0. Calculate the remainder when 50 is divided by a.
11
Suppose -5*a - 2*r + 6 = -8, 5*r - 5 = -5*a. Suppose -4*u - 3*d + 6 = -3, 2*u = d + 7. Suppose a*b + u = 5*b. What is the remainder when 7 is divided by b?
1
Suppose -4*g + p = -17, -g + p + 28 = -4*p. Suppose 4*w + 0*w = 12. Calculate the remainder when g is divided by w.
0
Let a = -41 + 80. Suppose 0 = i + 2*i - a. What is the remainder when (-127)/(-5) - 4/10 is divided by i?
12
Let q = 20 + -9. Suppose -3*l = -l + 22. Let o = 17 + l. What is the remainder when q is divided by o?
5
What is the remainder when -6*20/6*(-12)/8 is divided by 16?
14
Let q = 1 + 3. Suppose -x = -2 - 1. What is the remainder when q is divided by x?
1
Let j(x) = -1 + 74*x + 2 - 28*x. Let f be (1/6)/(1/6). What is the remainder when j(f) is divided by 16?
15
Let a(v) be the third derivative of v**4/3 - 5*v**2. What is the remainder when a(6) is divided by 10?
8
Suppose -4*o + o + 111 = 0. What is the remainder when 110 is divided by o?
36
Let z(x) = -2*x**2 + 14*x + 8. What is the remainder when 38 is divided by z(6)?
18
Suppose s + 112 = 3*s + 2*q, 231 = 4*s - 3*q. What is the remainder when 225 is divided by s?
54
Let q(o) = o**3 - 